- 2747 = -4*k. What is the units digit of y?
1
Let a(x) = x**3 - 5*x**2 - 3*x + 6. Let q be a(6). Suppose 0 = -s + 1, 5*k + 6*s - 2*s - q = 0. Suppose 0 = k*z - 0*z - 244. What is the units digit of z?
1
Let h(o) = -o**2 - o + 7. Suppose 5*p + 12 = 3*s, 3*p + 2*s = 3 + 5. Let n be h(p). Suppose -n*g + 452 + 38 = 0. What is the tens digit of g?
7
Suppose -2 = -4*p + 58. Suppose p*r = 13*r + 718. Suppose -9*o + 865 = -r. What is the tens digit of o?
3
Let v = 10725 - 7247. What is the units digit of v?
8
Let o = -235 + 501. Suppose -250*v - 3568 = -o*v. What is the units digit of v?
3
Let u(r) = -3*r**3 - 18*r**2 - 19*r + 194. What is the hundreds digit of u(-15)?
5
Let g(z) = 169*z**2 + 6*z + 15. What is the hundreds digit of g(7)?
3
Let x be (-2)/(-5)*(245 + -5). Let w = x - -19. Let z = -84 + w. What is the tens digit of z?
3
Suppose 28*z = 96446 + 11830. What is the tens digit of z?
6
Suppose -135*t + 818304 = -71*t. What is the thousands digit of t?
2
Suppose -2*z - 3*f = -961, 4218*z - 2*f = 4223*z - 2364. What is the units digit of z?
0
Suppose 0 = n - 4*c - 16, 0 = -7*n + 2*n + 2*c + 8. Suppose -6*k = -2*k + 2*g - 170, 3*k - 3*g - 105 = n. Let w = -25 + k. What is the tens digit of w?
1
Suppose -39*w = 34*w - 54*w - 87381. What is the hundreds digit of w?
5
What is the units digit of (-1411315)/(-831) + 8/(-6)?
7
Let a be 30/((-20)/(-28) - 8/(-28)). What is the tens digit of 9/a*-2 + (-116595)/(-75)?
5
Let f(d) = 16*d - 2*d + 81 + 11*d + 5*d. What is the units digit of f(7)?
1
Let h(x) = 66*x**3 + 3*x**2 - 3*x + 1. Let z = 77 - 78. Let u be 1/2 - (z/2 + 0). What is the tens digit of h(u)?
6
Let d(s) = -s**2 + 6*s + 35. Let p be d(9). Suppose 0 = p*f - 716 - 3380. What is the hundreds digit of f?
5
Suppose 0 = -b - q + 1925 + 7759, -3*b + 5*q = -29076. What is the thousands digit of b?
9
Let a(w) = -17*w - 35. Let b be a(-3). Suppose 4860 + 3028 = b*d. What is the units digit of d?
3
Suppose z - 25629 = -3*z - 3*k, -19227 = -3*z + 3*k. Suppose 8*b + 0*b - z = 0. What is the units digit of b?
1
Let h = 883 - 812. Let i(c) = -c + 4. Let x be i(-3). Suppose -x*j = -48 - h. What is the tens digit of j?
1
Let s = 4555 - 3992. What is the tens digit of s?
6
Let d(l) = -186*l - 14. Suppose 0 = -5*u + 5*y - 20, 2*u + y = -y. Let z be d(u). Suppose 0 = -k + 3*k - z. What is the tens digit of k?
7
Let q(p) = 3*p + 4. Let k be q(0). Suppose b = -b + k. Suppose 5*a = b*w - 113, -45 + 285 = 5*w - 4*a. What is the tens digit of w?
4
Let r(q) = -117*q**2 - q - 2. Let y be r(-2). Let n = 1185 + y. What is the hundreds digit of n?
7
Let w(u) = -u + 9. Let g be w(5). Let q be (-1)/((-7)/1106) - (-40)/(-8). Suppose g*o = q - 9. What is the units digit of o?
6
Suppose 3*q + 3*o = 3, 3*o = -4*q - q + 3. Suppose 6*p = 3*p - 4*f + 10, q = 2*p - 4*f. Suppose p*v = 9*v - 42. What is the units digit of v?
6
Let v = 31 + -28. What is the tens digit of (v + -265)/((-4)/6)?
9
Let x be -79 + 81 - (6/(3 - 1) + -3). Suppose 5*a + 3*q = a - 7, -2*q = -5*a + 20. Suppose 0 = 3*u - u + a, x*o - 5*u - 29 = 0. What is the tens digit of o?
1
Let g = 901 - 634. Let v = g + -186. What is the tens digit of v?
8
Let q be (-55)/(-33)*9/5. Suppose 2*u + 21 - 2 = x, q*u = -6. What is the units digit of x?
5
Suppose 5*v - 291 = -3*y + 28899, 0 = 2*y + 3*v - 19460. What is the units digit of y?
0
Let h be -1*-14*(-5 + 16/4). What is the units digit of h/(-35) + 6939/15?
3
Suppose 11*n - 21961 - 2167 = -2*n. What is the tens digit of n?
5
Let a be (-74)/(-8) - (-1)/(-4). Suppose a*n - 34 = 11. Suppose -5*v + 286 - 60 = 3*k, v = n*k + 34. What is the tens digit of v?
4
Suppose 6 = -3*g - 3*q, -2*g + 3*q - 3 = 11. What is the hundreds digit of 6/g*(-20)/30*455?
4
Let l(i) = -5*i + 64. Suppose 0 = 12*a - 104 + 488. What is the tens digit of l(a)?
2
Let t = 10 - 17. Let h(l) = 9*l - 12*l + 12*l + 13*l**2 - 2*l**2 + l**3. What is the units digit of h(t)?
3
Let f(l) = -2*l - 5. Let u be f(-8). Suppose u*o - 1485 = 2112. What is the units digit of o?
7
Let i(s) = -3668*s**3 + 105*s + 219. What is the ten thousands digit of i(-2)?
2
Let n be ((-28)/(-1))/(11/(-22)). What is the tens digit of (-1 - 5) + (1372 - n)?
2
Suppose 218*k - 109*k - 77*k - 764992 = 0. What is the units digit of k?
6
Let a be -27*((3 - 5) + 1). What is the tens digit of (-6)/((6/72)/((-111)/a))?
9
Let j(t) = -2*t**2 + 23*t + 25. Let p = -46 - -48. Let o(k) = -k**2 + 22*k + 26. Let w(d) = p*j(d) - 3*o(d). What is the tens digit of w(-12)?
6
Let m = -892 + 967. Suppose m*a - 27945 = 108780. What is the tens digit of a?
2
Let b(t) = 1605*t**3 - t**2 + 8. Let f be b(2). Suppose 6*p = -7*p + f. What is the hundreds digit of p?
9
Let f(i) = 50*i**2 - 54*i + 26. What is the hundreds digit of f(19)?
0
Let q(n) = 30*n - 4. Suppose 134 + 157 = -3*o. Let v = o + 99. What is the tens digit of q(v)?
5
Let g be -3 + 40/7 + (-4)/(-14). Suppose -3*r + 2*r = -g. Suppose 49 = 2*x - r*o, -o = 3*x - 7*x + 73. What is the tens digit of x?
1
Let g(t) = 7*t + 61. Let i be g(-8). Suppose 0 = -m - 3*k + 519, 0 = -i*m + 3*m - k + 1013. What is the tens digit of m?
0
Let q(m) = 483*m - 36. Let g(z) = 241*z - 19. Let b(a) = -11*g(a) + 6*q(a). Let l(w) = -248*w + 7. Let s(n) = -3*b(n) - 4*l(n). What is the units digit of s(1)?
4
Suppose 4*f + 4 - 16 = 0. Suppose -f*a - 12187 = -283. What is the tens digit of a/(-152) + 2/(-19)?
2
Let m = -40931 - -58136. What is the hundreds digit of m?
2
Let z(l) = 765*l**2 - 63*l + 316. What is the hundreds digit of z(5)?
1
Suppose 2*j - w - 1582 = 0, 5*j - 3*w - 3950 = 2*w. What is the tens digit of 19/(114/j)*1?
3
Let z be 400/90 - (-20)/(-45). Suppose v = 5*m - 3*m + 906, 0 = -z*m. What is the hundreds digit of v?
9
Suppose 5*s - 4*s - 390 = 5*y, y - 1898 = -5*s. Let p = s - 216. What is the tens digit of p?
6
Let i = -12 + -18. Let l be (-2 - i)/4 + -2. What is the units digit of (l + -4)/(2/150)?
5
Suppose 0 = 4*g + 2*c - 4250, -2*g + 4*g - 2145 = 3*c. Suppose -3*l - 4 = l, -3*l = 4*k - g. What is the tens digit of k?
6
What is the tens digit of (-32)/(-4) - (5 - (8 - -8173))?
8
Let s(r) = -r**3 - 23*r**2 - 4*r - 104. Let n(m) = m**3 - m**2 - m + 2. Let h(u) = -2*n(u) - s(u). What is the units digit of h(25)?
0
Suppose b + 419 = 127. Let u = b + 609. What is the units digit of u?
7
Let k = 51610 + -36226. What is the ten thousands digit of k?
1
Suppose z + 4*m = 13853, 88*m - 87*m = 2*z - 27733. What is the tens digit of z?
6
Let y(r) = 11*r**2 - 10*r + 28. What is the tens digit of y(21)?
6
Let i = 255 - 68. Suppose 121 + i = 4*c. What is the tens digit of c?
7
Let o = -54 + 75. Suppose -o = -0*y + 2*y - 3*x, 3*y + 2*x = -51. What is the tens digit of (166/3)/((-5)/y)?
6
What is the units digit of (-12)/40*-10*1171?
3
Suppose 3*u - 165 = 5*j, 0*j + 2*j - 306 = -5*u. Let k(a) = -2*a**3 - 8*a**2 - 2*a - 12. Let q be k(-4). What is the units digit of (0 - 117)*(q + u/18)?
8
Suppose 4*n + c + 0*c = 83, 45 = 3*n - 5*c. Suppose -2*x + 0*x - 4*g - 16 = 0, -5*g - n = -3*x. Suppose x*w + 380 = 5*w. What is the tens digit of w?
7
Suppose 5*r + 3 + 2 = 0. Let v(s) be the third derivative of -31*s**4/6 + 2*s**3/3 + 1418*s**2. What is the hundreds digit of v(r)?
1
Suppose 2*v = -0*v - 3*s + 6, 4*v - s = 40. Suppose 455 = -v*w + 5936. Suppose -5*j + 4*j - 209 = -l, -3*l = 3*j - w. What is the hundreds digit of l?
2
Let w = -5509 - -6928. What is the tens digit of w?
1
Let t(d) = 27*d + 77. Let m be t(13). Suppose -4*u - 3*v + 4*v + m = 0, 5*v + 550 = 5*u. What is the tens digit of u?
0
Let r = 220 - 157. What is the units digit of -2*r/15*(-320)/24?
2
Let z(q) = q**2 + 11*q + 4. Let i be z(-11). Suppose 2*c + i*t - 2360 = 0, 5*c + 0*t = 5*t + 5870. What is the hundreds digit of c?
1
Let z(k) = 632*k**2 + 58*k - 166. What is the hundreds digit of z(3)?
6
Suppose -4*f = -2*w + 577 + 1501, 5173 = 5*w + f. Suppose y + 1572 = 3*v, 2*v - 11*y + 6*y = w. What is the tens digit of v?
2
What is the thousands digit of (-362624)/(-96)*(28/8 - 2)?
5
Let s = 9547 - -161. What is the hundreds digit of s?
7
Let x = -89 + 94. Suppose n + x*z = 2*n - 617, 0 = -5*n - 5*z + 3175. Let j = n - 448. What is the tens digit of j?
8
Let l = 13 - 89. Let q = l - -89. Let v(u) = 5*u + 29. What is the units digit of v(q)?
4
Let j be ((-1)/(-1))/